3. Determine d(111).
-18
Let w(o) = 91*o**3 + 32*o - 73. Determine w(2).
719
Let g(a) = 13672*a + 232374. What is g(-17)?
-50
Let w(r) = -r**2 - 237*r + 1480. What is w(-243)?
22
Let q(h) = -31533*h + 7126473. Calculate q(226).
15
Let l(z) = 4854*z - 72814. Determine l(15).
-4
Let x(d) = -d**2 + 1144*d - 304081. What is x(420)?
-1
Let q(n) = -52939*n + 105606. Give q(2).
-272
Let z(d) = -d**2 - 63299*d - 2151015. Give z(-34).
-5
Let c(f) = 3752*f - 93889. Determine c(25).
-89
Let z(u) = 960*u - 15972. What is z(17)?
348
Let x(k) = -k**3 + 78*k**2 - 65*k - 878. What is x(77)?
46
Let d(w) = 3*w**3 + 373*w**2 - 135*w + 14378. Determine d(-125).
3
Let v(q) = -2041*q + 34705. Give v(17).
8
Let x(t) = 2981488*t - 17888936. Calculate x(6).
-8
Let r(a) = -2*a**3 - 245*a**2 - 95*a + 3317. Calculate r(-122).
23
Let q(i) = -i**3 - 14*i**2 + 45*i - 21. Calculate q(2).
5
Let l(o) = o**2 - 44*o - 1008. Give l(57).
-267
Let k(n) = -87*n**2 + 1022*n - 712. Give k(11).
3
Let w(h) = -85*h - 343. Determine w(-4).
-3
Let i(o) = -2*o**3 - 4*o**2 - 593*o - 3602. Give i(-6).
244
Let y(d) = -2*d**2 + 99*d + 4493. What is y(-29)?
-60
Let n(q) = -q**2 - 44*q + 150. What is n(-50)?
-150
Let y(r) = r**2 + 117*r - 719. What is y(6)?
19
Let q(w) = -187*w**2 - 276*w - 550. Give q(-2).
-746
Let n(b) = -b**2 - 185*b + 84171. Give n(212).
7
Let o(j) = -j**3 + 28*j**2 + 112*j - 3231. Determine o(28).
-95
Let j(f) = -239631*f + 4792625. Calculate j(20).
5
Let z(w) = 5*w**3 - 2729*w**2 - 496*w - 27296. Calculate z(546).
4
Let y(x) = -6*x**3 - 73*x**2 - 4114*x - 49225. Calculate y(-12).
-1
Let y(q) = 4589*q + 867353. Give y(-189).
32
Let o(l) = 8110*l - 8123. Determine o(1).
-13
Let d(k) = -11596*k - 324672. Calculate d(-28).
16
Let b(y) = 327*y + 87316. What is b(-267)?
7
Let b(t) = -2*t**2 - 367*t - 4924. Give b(-169).
-23
Let m(x) = 172*x + 3706. What is m(-23)?
-250
Let c(d) = -17*d**2 + 8185*d - 20120. Calculate c(479).
-2
Let c(h) = 3*h**2 + 3275*h - 1638968. Give c(373).
-6
Let i(r) = -12*r + 598. What is i(48)?
22
Let a(p) = -5*p**2 + 2300*p - 27334. Calculate a(12).
-454
Let b(t) = -1226*t + 2171. What is b(2)?
-281
Let i(f) = -20*f**3 + 99*f**2 + 20190*f - 100944. What is i(5)?
-19
Let o(d) = -10*d**3 + 35*d**2 + 1313*d - 996. Give o(13).
18
Let s(h) = -21*h**2 + 1357*h - 390. Give s(65).
-910
Let h(z) = -1403*z - 18363. Calculate h(-13).
-124
Let s(g) = -7*g**3 - 520*g**2 - 629*g + 2039. Calculate s(-73).
-5
Let j(t) = -14740*t - 58985. Give j(-4).
-25
Let v(b) = 1520*b + 13740. Give v(-9).
60
Let w(o) = -2*o**2 - 4903*o - 620993. Calculate w(-134).
97
Let b(v) = v**3 + 168*v**2 - 1025*v + 1423. Determine b(-174).
-1883
Let f(c) = -c**3 - 255*c**2 - 6162*c - 205. Determine f(-27).
-43
Let o(b) = -526*b - 29165. Calculate o(-54).
-761
Let s(p) = -p**3 - 79*p**2 - 712*p - 1233. Give s(-69).
285
Let r(z) = -4202*z + 449590. Determine r(107).
-24
Let p(x) = -x**3 - 88*x**2 + 238*x + 5202. Calculate p(-90).
-18
Let n(m) = 7269*m - 23452. Calculate n(4).
5624
Let s(r) = 4*r**2 + 7220*r - 94547. Give s(13).
-11
Let p(j) = 8741*j + 192343. Determine p(-22).
41
Let l(t) = -130*t - 10874. Determine l(-63).
-2684
Let s(h) = -478*h - 3176. What is s(-9)?
1126
Let f(a) = 2*a**2 - 141100*a + 1128722. Give f(8).
50
Let l(r) = 1090*r + 3676. What is l(-3)?
406
Let p(o) = o**3 - 39*o**2 + 239*o + 3008. Calculate p(22).
38
Let k(w) = -993*w + 76344. Determine k(77).
-117
Let j(n) = -140*n**2 - 5883*n - 117. Determine j(-42).
9
Let h(m) = m**3 - 35*m**2 - 2948*m + 103086. Give h(35).
-94
Let r(n) = -41*n**2 + 716*n - 304. Give r(17).
19
Let g(k) = -3*k**2 + 175*k + 416. What is g(69)?
-1792
Let o(f) = -68*f - 323. Determine o(2).
-459
Let m(x) = -1273*x + 44812. Calculate m(35).
257
Let k(q) = 2986*q + 14769. Give k(-5).
-161
Let u(m) = -495*m + 39332. Determine u(81).
-763
Let p(j) = -9351*j - 18508. Determine p(-2).
194
Let h(t) = 6118*t**2 + 42817*t - 34. What is h(-7)?
29
Let r(y) = -597*y + 19373. What is r(31)?
866
Let z(k) = 209355*k + 837377. Give z(-4).
-43
Let b(z) = -7*z**3 - 21*z**2 + 39*z + 348. Calculate b(-8).
2276
Let m(c) = -c**2 + 3629*c + 83975. Give m(-23).
-21
Let j(v) = -v**3 - 26*v**2 - 123*v - 3128. What is j(-26)?
70
Let g(a) = 2314*a + 3260. Determine g(-1).
946
Let f(n) = -2*n**2 + 111543*n + 557769. Give f(-5).
4
Let r(a) = -2542*a + 12704. Determine r(5).
-6
Let y(l) = -l**3 - 79*l**2 + 4561*l - 4834. Calculate y(-118).
4
Let f(a) = -68*a**2 - 1655*a + 172. Give f(-24).
724
Let r(w) = -w**2 - 37143*w - 482698. Calculate r(-13).
-8
Let c(t) = -t**3 - 5*t**2 - 43*t + 133. Calculate c(5).
-332
Let z(q) = -2*q**3 - 43*q**2 + 765*q - 63. Determine z(-33).
-261
Let d(v) = 2*v**3 + 27*v**2 - 787*v - 9306. Determine d(-11).
-44
Let b(q) = -6038*q - 1443067. Calculate b(-239).
15
Let d(g) = -2*g**2 - 73*g + 7321. Give d(45).
-14
Let s(n) = -827*n - 1422. Determine s(3).
-3903
Let k(s) = s**3 - 101*s**2 + 965*s - 108840. What is k(102)?
-6
Let q(x) = x**2 - 932*x + 51485. Give q(59).
-22
Let r(j) = 6*j**3 - 15*j**2 - 15*j + 32. What is r(-2)?
-46
Let r(f) = -5*f**3 - 672*f**2 - 1517*f + 8844. Determine r(-132).
0
Let l(j) = -8*j**2 - 33*j - 14. Determine l(-14).
-1120
Let a(s) = s**2 + 2137*s - 19342. Give a(9).
-28
Let b(h) = -5460*h**2 + 16317*h + 30. Determine b(3).
-159
Let l(r) = -6614*r + 1594012. Calculate l(241).
38
Let i(s) = -57751*s - 1674764. Determine i(-29).
15
Let r(p) = -61*p + 25. Calculate r(0).
25
Let x(n) = -2*n**2 - 2785*n - 152246. Determine x(-57).
1
Let c(l) = 12193*l - 74270. Calculate c(6).
-1112
Let h(p) = -19*p**2 + 34443*p + 68892. Give h(-2).
-70
Let j(m) = 155*m**2 - 12*m - 2. Calculate j(1).
141
Let r(a) = 440*a**2 + 16*a - 43. Calculate r(1).
413
Let l(m) = 11*m - 4099. Calculate l(114).
-2845
Let r(l) = -l**2 + 262*l - 14673. Give r(98).
1399
Let o(a) = 25376*a - 203004. What is o(8)?
4
Let n(k) = k**3 + 83*k**2 + 233*k + 5199. Calculate n(-81).
-552
Let m(c) = 2181*c**2 + 8770*c - 4. Determine m(-4).
-188
Let i(w) = 63500*w - 1016006. Calculate i(16).
-6
Let y(m) = m**2 - 793*m - 53922. Give y(-63).
6
Let j(n) = 84*n**2 + 345*n - 18. What is j(-4)?
-54
Let i(m) = -2892*m + 364290. Determine i(126).
-102
Let h(l) = 301*l - 5763. Determine h(22).
859
Let o(n) = n**3 - 128*n**2 + 249*n + 984. What is o(126)?
606
Let i(l) = 42*l**3 - 52*l**2 + 104*l + 12. What is i(4)?
2284
Let h(o) = -11113*o - 322235. Calculate h(-29).
42
Let q(o) = -31325*o + 3727682. Calculate q(119).
7
Let l(k) = -k**2 + 89278*k - 4193856. Determine l(47).
1
Let p(i) = -2*i**2 + 4911*i - 713158. Give p(155).
-3
Let w(y) = -2859*y**2 - 31520*y - 786. Calculate w(-11).
-5
Let x(r) = -r**3 - 136*r**2 + 164*r + 3656. Give x(-137).
-43
Let z(a) = -317*a**3 + a**2 + 4*a + 1. Determine z(1).
-311
Let v(x) = -4*x**2 + 180*x + 2282. What is v(55)?
82
Let c(v) = -v**3 - 67*v**2 - 1175*v - 3231. Determine c(-39).
6
Let v(l) = l**3 + 25*l**2 + 43*l - 365. What is v(-24)?
-821
Let t(o) = -10*o**2 + 13*o - 2. Give t(-8).
-746
Let h(t) = 2*t**2 + 4546*t + 161065. What is h(-36)?
1
Let n(a) = 933*a - 2837. Determine n(4).
895
Let y(t) = -2*t**3 - 55*t**2 + 152*t + 4259. Determine y(-27).
-574
Let d(w) = w**3 - 13*w**2 + 125*w - 1292. Give d(11).
-159
Let w(f) = -7641377*f + 22924125. What is w(3)?
-6
Let k(r) = -406*r + 1959. Calculate k(6).
-477
Let g(y) = 1073*y - 12473. What is g(14)?
2549
Let p(t) = t**2 + 455*t + 35977. Calculate p(-103).
-279
Let c(i) = 2*i**3 + 13*i**2 - 29*i + 32. Calculate c(5).
462
Let m(n) = -98*n - 11222. Determine m(-104).
-1030
Let a(p) = -4210*p - 370414. What is a(-88)?
66
Let j(c) = 22*c**3 + 4*c**2 - 119*c - 246. Determine j(-2).
-168
Let y(u) = -42109*u - 294821. Determine y(-7).
-58
Let u(l) = -178533*l - 2320926. What is u(-13)?
3
Let u(c) = -1774*c - 5787. Calculate u(-3).
-465
Let y(u) = 1947*u - 126456. What is y(65)?
99
Let i(k) = 1548*k - 6072. Determine i(4).
120
Let c(u) = 5*u**2 + 1056*u + 7266. Calculate c(-7).
119
Let u(x) = 53460*x - 106919. What is u(2)?
1
Let b(l) = 4*l**2 - 19131*l - 95726. Determine b(-5).
29
Let y(w) = -4*w**2 + 512*w + 3217. Determine y(-6).
1
Let j(o) = -646*o + 38110. Give j(59).
-4
Let j(w) = 162*w - 144. Determine j(4).
504
Let f(h) = -2*h**2 + 211*h + 33262. Calculate f(191).
601
Let u(v) = -v**2 + 102*